{"id":454,"date":"2016-06-02T14:12:20","date_gmt":"2016-06-02T14:12:20","guid":{"rendered":"http:\/\/radio97fm.radiomundomelhor.com.br\/?page_id=454"},"modified":"2021-06-20T18:35:55","modified_gmt":"2021-06-20T18:35:55","slug":"a-radio","status":"publish","type":"page","link":"https:\/\/radionovaniteroigospel.com.br\/?page_id=454","title":{"rendered":"A R\u00e1dio"},"content":{"rendered":"<p style=\"text-align: center;\">\n<p style=\"text-align: left;\">Amados irm\u00e3os, Gra\u00e7a e Paz! A Palavra de Deus no livro de Eclesiastes cap\u00edtulo 3.1 a 8, fala sobre \u201ctempo\u201d. Nestes 8 vers\u00edculos, por 29 vezes, encontramos esta palavra. No vers\u00edculo primeiro, lemos: \u201cTudo tem o seu tempo determinado, e h\u00e1 tempo para todo prop\u00f3sito debaixo do c\u00e9u\u201d. Na nossa l\u00edngua, uma palavra pode ter dois significados ao mesmo tempo. Encontramos aqui um exemplo a respeito. Tempo tem a ver com \u201c momento, \u00e9poca, dura\u00e7\u00e3o\u201d. Podemos entend\u00ea-lo tamb\u00e9m como \u201cclima.\u201d Atrav\u00e9s da m\u00eddia por meio do servi\u00e7o de meteorologia, sabemos como estar\u00e1 o tempo nas diversas regi\u00f5es do nosso pa\u00eds.<\/p>\n<p>O tempo nos ensina muito. Com ele podemos perseverar ou desistir dos nossos sonhos, projetos, prop\u00f3sitos ou ideais. Quantos n\u00e3o s\u00e3o aqueles que por causa do tempo, e da demora, deixam de lutar desistindo no meio do caminho. Nove anos estivemos correndo atr\u00e1s de um sonho que hoje se tornou realidade no nosso meio. Era o de uma r\u00e1dio educativa FM. Muitos obst\u00e1culos se interpuseram em nossa jornada. O processo foi longo, penoso e \u00e0s vezes angustiante. Mas o apoio, o incentivo, joelhos dobrados e ora\u00e7\u00f5es molhadas por parte de muitos irm\u00e3os queridos, os mesmos nos injetaram \u00e2nimo para que n\u00e3o jog\u00e1ssemos a toalha no ringue. Antes de tudo, agrade\u00e7o a Deus,pelo sonho dado.\u00c0 minha fam\u00edlia,( esposa, filhos) que n\u00e3o obstante \u00e0s lutas, sempre estenderam as m\u00e3os para mim, dando-me \u00e2nimo, encorajamento e muita paci\u00eancia.Hoje,somos uma entidade organizada, legal, conforme as leis do Minist\u00e9rio das Comunica\u00e7\u00f5es, Anatel, Casa Civil,C\u00e2mara dos Deputados e Senado Federal.A partir de agora podemos ir ao ar, sem nenhum impedimento. Somos de fato, detentores deste ve\u00edculo de radiodifus\u00e3o.<\/p>\n<p>Queremos muito trabalhar no obra de Deus. Existem in\u00fameras maneiras de propagarmos o Evangelho de Jesus. Uma delas \u00e9 atrav\u00e9s do servi\u00e7o de radiodifus\u00e3o. Sob a dire\u00e7\u00e3o e aux\u00edlio do ETERNO, dentro da nossa pot\u00eancia estabelecida e aprovada atrav\u00e9s de \u00f3rg\u00e3os competentes, havemos de chegar a lugares por meio das ondas sonoras de nossa t\u00e3o sonhada emissora, com mensagens objetivas no intuito de livrar os que caminham para o inferno. (Pv 24.11).<\/p>\n<p>Queremos colocar em pr\u00e1tica, uma programa\u00e7\u00e3o inteligente, din\u00e2mica. Neste mundo que vivemos com tantos recursos atrav\u00e9s dos ve\u00edculos de comunica\u00e7\u00e3o em massa, recebemos a todo instante,seja no trabalho,seja dentro dos carros e em nossos lares, mensagens multiformes. S\u00e3o in\u00fameros os programas, com mensagens nocivas, destitu\u00eddas de valores, sem \u00e9tica, sem o temor de Deus, em nome do humanismo e da modernidade latente. O que antes era censura, a mesma deixou de ser sob a \u00e9gide \u201cdo que \u00e9 que tem\u201d.<\/p>\n<p>Nossa sociedade carece urgentemente de ouvir mensagens que falam sobre o pecado, a cruz, o arrependimento, a salva\u00e7\u00e3o, santidade, amor, atitudes altru\u00edstas, perd\u00e3o e principalmente, do PAI MARAVILHOSO, CONSELHEIRO, O DEUS FORTE que temos: O DEUS FIEL. Quantos n\u00e3o s\u00e3o os lares trincados, com rupturas dr\u00e1sticas, desfeitos por causa da vingan\u00e7a, do \u00f3dio, falta de amor, respeito, compromisso, companheirismo e di\u00e1logo. Creio piamente que Deus nos concedeu mais esta ferramenta chamada r\u00e1dio, para difundirmos antes de tudo, Sua Palavra em nossa cidade, no munic\u00edpio, distritos, regi\u00e3o, na\u00e7\u00e3o e no exterior. As sementes plantadas, com certeza dar\u00e3o frutos para a gl\u00f3ria do DEUS que tudo v\u00ea, tudo sabe e tudo faz.<\/p>\n<p>Outrossim, por sermos uma R\u00e1dio Educativa, estaremos enfatizando assuntos pertinentes tanto na quest\u00e3o da Educa\u00e7\u00e3o, bem como em seu aspecto Cultural. Em tais \u00e1reas, promoveremos informa\u00e7\u00f5es relevantes em favor do homem do campo por meio dos profissionais (engenheiro Agr\u00f4nomo, T\u00e9cnico Agr\u00edcola, M\u00e9dico Veterin\u00e1rio); \u00c1rea de Sa\u00fade atrav\u00e9s de M\u00e9dicos, Enfermeiros, Odont\u00f3logos, Psic\u00f3logos,Fisioterapeutas; \u00c1rea Educacional,Pedagogos atrav\u00e9s de entrevistas ao vivo de conscientiza\u00e7\u00e3o e orienta\u00e7\u00f5es b\u00e1sicas \u00e0 popula\u00e7\u00e3o em geral.<\/p>\n<p>Finalmente, procuraremos levantar aspectos Culturais de nossa regi\u00e3o como costumes, l\u00edngua, povos e sua origem.<br \/>\nEm Cristo,<br \/>\nJo\u00e3o Batista Landim<\/p>\n\n<!-- Quick Adsense WordPress Plugin: http:\/\/quicksense.net\/ -->\n<div style=\"float:none;margin:15px 0 15px 0;text-align:center;\">\n<script async src=\"\/\/pagead2.googlesyndication.com\/pagead\/js\/adsbygoogle.js\"><\/script>\r\n<!-- andre figueriedo 02 -->\r\n<ins class=\"adsbygoogle\"\r\n     style=\"display:inline-block;width:728px;height:90px\"\r\n     data-ad-client=\"ca-pub-2119327958889729\"\r\n     data-ad-slot=\"6257061499\"><\/ins>\r\n<script>\r\n(adsbygoogle = window.adsbygoogle || []).push({});\r\n<\/script>\n<\/div>\n\n<div style=\"font-size:0px;height:0px;line-height:0px;margin:0;padding:0;clear:both\"><\/div>","protected":false},"excerpt":{"rendered":"<p>Amados irm\u00e3os, Gra\u00e7a e Paz! A Palavra de Deus no livro de Eclesiastes cap\u00edtulo 3.1 a 8, fala sobre \u201ctempo\u201d&#8230;<\/p>\n","protected":false},"author":3,"featured_media":0,"parent":0,"menu_order":0,"comment_status":"closed","ping_status":"closed","template":"","meta":{"footnotes":""},"_links":{"self":[{"href":"https:\/\/radionovaniteroigospel.com.br\/index.php?rest_route=\/wp\/v2\/pages\/454"}],"collection":[{"href":"https:\/\/radionovaniteroigospel.com.br\/index.php?rest_route=\/wp\/v2\/pages"}],"about":[{"href":"https:\/\/radionovaniteroigospel.com.br\/index.php?rest_route=\/wp\/v2\/types\/page"}],"author":[{"embeddable":true,"href":"https:\/\/radionovaniteroigospel.com.br\/index.php?rest_route=\/wp\/v2\/users\/3"}],"replies":[{"embeddable":true,"href":"https:\/\/radionovaniteroigospel.com.br\/index.php?rest_route=%2Fwp%2Fv2%2Fcomments&post=454"}],"version-history":[{"count":10,"href":"https:\/\/radionovaniteroigospel.com.br\/index.php?rest_route=\/wp\/v2\/pages\/454\/revisions"}],"predecessor-version":[{"id":1211,"href":"https:\/\/radionovaniteroigospel.com.br\/index.php?rest_route=\/wp\/v2\/pages\/454\/revisions\/1211"}],"wp:attachment":[{"href":"https:\/\/radionovaniteroigospel.com.br\/index.php?rest_route=%2Fwp%2Fv2%2Fmedia&parent=454"}],"curies":[{"name":"wp","href":"https:\/\/api.w.org\/{rel}","templated":true}]}}